prime number?
True
Is 65389 prime?
False
Is 1673753 composite?
False
Is 31282 prime?
False
Is 227387 prime?
True
Is 3103 prime?
False
Is 42509 a composite number?
False
Is 2995 composite?
True
Is 66043 composite?
True
Is 9101 prime?
False
Is 10687 prime?
True
Is 181499 a prime number?
True
Is 1087 prime?
True
Is 5234 a composite number?
True
Is 367069 prime?
True
Is 10133 composite?
False
Is 8741 a composite number?
False
Is 3409 prime?
False
Is 8197 a composite number?
True
Is 788971 a composite number?
False
Is 8779 composite?
False
Is 37211 a prime number?
False
Is 2315 a prime number?
False
Is 4727 a prime number?
False
Is 5947 composite?
True
Is 13367 a composite number?
False
Is 154153 prime?
True
Is 106342 a composite number?
True
Is 229745 a prime number?
False
Is 18787 a composite number?
False
Is 4338699 composite?
True
Is 7789 a composite number?
False
Is 86763 a composite number?
True
Is 46199 prime?
True
Is 162957 prime?
False
Is 20593 a prime number?
True
Is 1002227 composite?
False
Is 175781 composite?
False
Is 161503 composite?
False
Is 5501 prime?
True
Is 2355461 a composite number?
True
Is 135827 a composite number?
True
Is 269659 a prime number?
False
Is 2263 a composite number?
True
Is 51109 composite?
False
Is 43141 prime?
False
Is 1304071 a prime number?
True
Is 42259 a prime number?
False
Is 85067 prime?
False
Is 224771 composite?
False
Is 3593 a prime number?
True
Is 9959 a prime number?
False
Is 207469 a composite number?
False
Is 131669 a prime number?
False
Is 21971 prime?
False
Is 6037 composite?
False
Is 30869 prime?
True
Is 23659 a composite number?
True
Is 36851 prime?
False
Is 1097651 prime?
True
Is 2630317 a composite number?
False
Is 29477 a composite number?
True
Is 813 composite?
True
Is 7615 prime?
False
Is 3683 a prime number?
False
Is 1469 a composite number?
True
Is 19473 prime?
False
Is 11989 composite?
True
Is 37307 composite?
False
Is 63949 prime?
True
Is 2617 a composite number?
False
Is 18595 a composite number?
True
Is 174827 a prime number?
False
Is 13259 a prime number?
True
Is 10391 a composite number?
False
Is 170537 a composite number?
False
Is 667 composite?
True
Is 19102 composite?
True
Is 17866 prime?
False
Is 8287 prime?
True
Is 1838 a composite number?
True
Is 5399 prime?
True
Is 739141 prime?
False
Is 957383 a composite number?
True
Is 17587 prime?
False
Is 631 a composite number?
False
Is 682411 prime?
True
Is 59379 a prime number?
False
Is 1777 prime?
True
Is 25138 prime?
False
Is 8782 a composite number?
True
Is 53113 prime?
True
Is 7613 composite?
True
Is 55841 a prime number?
False
Is 4353107 composite?
True
Is 85165 prime?
False
Is 119027 a prime number?
True
Is 135637 prime?
True
Is 36653 prime?
True
Is 15595 composite?
True
Is 873281 a prime number?
False
Is 29182 a prime number?
False
Is 5623 prime?
True
Is 199591 a prime number?
False
Is 31883 prime?
True
Is 244099 a prime number?
False
Is 30883 composite?
True
Is 66217 a prime number?
False
Is 1932169 prime?
False
Is 734 a composite number?
True
Is 10517 a composite number?
True
Is 53441 a composite number?
False
Is 9469 a composite number?
True
Is 15871 a prime number?
False
Is 219767 a composite number?
False
Is 11303 composite?
True
Is 1611985 a composite number?
True
Is 2819 prime?
True
Is 877 a composite number?
False
Is 2813 composite?
True
Is 2066923 composite?
False
Is 247063 composite?
True
Is 27403 composite?
True
Is 367501 prime?
True
Is 249757 composite?
True
Is 18269 prime?
True
Is 133069 prime?
True
Is 1573237 prime?
True
Is 108991 a prime number?
True
Is 7486093 composite?
False
Is 217213 prime?
False
Is 2431393 a prime number?
True
Is 421207 prime?
True
Is 2931 prime?
False
Is 125707 a prime number?
True
Is 1674655 composite?
True
Is 631 composite?
False
Is 1017817 composite?
False
Is 209339 a prime number?
False
Is 560879 a composite number?
True
Is 45743 prime?
False
Is 4757 a prime number?
False
Is 108631 a composite number?
False
Is 273403 a composite number?
True
Is 754549 a prime number?
True
Is 1507 a prime number?
False
Is 90313 prime?
True
Is 344749 prime?
True
Is 899 a prime number?
False
Is 1693 a prime number?
True
Is 8419 composite?
False
Is 40343 prime?
True
Is 324773 composite?
False
Is 3137 a composite number?
False
Is 340027 a composite number?
False
Is 319931 prime?
True
Is 870679 prime?
True
Is 737 a composite number?
True
Is 762041 a composite number?
True
Is 961322 prime?
False
Is 581473 prime?
True
Is 7039 composite?
False
Is 846323 composite?
False
Is 15431 a composite number?
True
Is 33569 a composite number?
False
Is 31279 composite?
True
Is 18211 a composite number?
False
Is 288349 a prime number?
True
Is 509177 a composite number?
True
Is 313673 a composite number?
True
Is 7751 composite?
True
Is 9518 a prime number?
False
Is 18613 composite?
True
Is 179039 a prime number?
False
Is 17887 a composite number?
True
Is 149 a composite number?
False
Is 337135 prime?
False
Is 72421 prime?
True
Is 4327 prime?
True
Is 161201 a prime number?
True
Is 185981 a prime number?
False
Is 369095 composite?
True
Is 6109 a composite number?
True
Is 5903 composite?
False
Is 96713 prime?
False
Is 7109 prime?
True
Is 562787 a composite number?
True
Is 19585 composite?
True
Is 1639 a composite number?
True
Is 5347 a prime number?
True
Is 175159 prime?
False
Is 15601 a prime number?
True
Is 3427 a prime number?
False
Is 36083 composite?
False
Is 809 composite?
False
Is 3343 prime?
True
Is 1856739 a prime number?
False
Is 14474 composite?
True
Is 3411691 composite?
True
Is 12097 prime?
True
Is 40681 prime?
False
Is 1345337 composite?
True
Is 8469415 composite?
True
Is 38209 a prime number?
False
Is 15689 prime?
False
Is 75917 a composite number?
True
Is 1656263 a prime number?
False
Is 287087 a prime number?
True
Is 3781 a composite number?
True
Is 948877 a composite number?
False
Is 3389 a prime number?
True
Is 1973 prime?
True
Is 260761 composite?
False
Is 710083 composite?
True
Is 670414 a composite number?
True
Is 34899 composite?
True
Is 68671 a prime number?
False
Is 670229 prime?
False
Is 594953 composite?
False
Is 2473 composite?
False
Is 87 composite?
True
Is 1669 a composite number?
False
Is 20095 a composite number?
True
Is 51469 a composite number?
True
Is 1526741 prime?
True
Is 3083 a prime number?
True
Is 809549 a composite number?
True
Is 20317 a prime number?
False
Is 84233 composite?
True
Is 1693 a composite number?
False
Is 379241 a composite number?
True
Is 7217 a prime number?
False
Is 148283 prime?
False
Is 400591 composite?
True
Is 3291879 a composite number?
True
Is 318103 prime?
True
Is 17281 a composite number?
True
Is 190271 a prime number?
True
Is 138617 a composite number?
False
Is 3881 prime?
True
Is 10687 a prime number?
True
Is 143347 a composite number?
True
Is 9521 a prime number?
True
Is 227521 prime?
False
Is 333977 a prime number?
False
Is 5461 a composite number?
True
Is 690661 a prime number?
True
Is 413437 a prime number?
False
Is 83771 a prime number?
False
Is 977507 prime?
True
Is 2383763 a prime number?
True
Is 18287 a prime number?
True
Is 2633 a composite number?
False
Is 177901 a composite number?
True
Is 192187 composite?
False
Is 105727 composite?
False
Is 923 composite?
True
Is 187597 prime?
True
Is 86783 a composite number?
False
Is 75743 a composite number?
False
Is 70813 a prime number?
False
Is 370921 a composite number?
True
Is 44391 composite?
True
Is 31385 prime?
False
Is 176061 composite?
True
Is 550837 a prime number?
False
Is 455033 a prime number?
True
Is 17377 a composite number?
False
Is 1921619 composite?
True
Is 1949 composite?
False
Is 503879 a prime number?
True
Is 633 a composite number?
True
Is 1481 a composite number?
False
Is 5147 a prime number?
True
Is 3557 a prime number?
True
Is 95377 prime?
False
Is 376171 prime?
True
Is 379 prime?
True
Is 3833 prime?
True
Is 8499 prime?
False
Is 358841 prime?
False
Is 84179 a composite number?
False
Is 2394061 a composite number?
False
Is 178597 a composite number?
False
Is 150667 a composite number?
True
Is 118163 prime?
True
Is 7499 a composite number?
False
Is 2203 prime?
True
Is 25297 a prime number?
False
Is 2301517 a prime number?
False
Is 41579 prime?
True
Is 18437 a composite number?
True
